-g. What is the units digit of g?
4
Suppose -5*d + 9 = -11. Suppose d*v = -23 + 155. What is the tens digit of v?
3
Suppose -1 = -4*r + 3. Suppose -z = -1 - 1. What is the units digit of z*(3 + (0 - r))?
4
Suppose d = m - 1, -4*m + d + 0*d + 16 = 0. Let z(v) = v**3 - 6*v**2 + 4*v + 6. What is the units digit of z(m)?
1
Let k(z) = -12*z - 19. What is the units digit of k(-6)?
3
Let b = -3 + 6. Suppose 0 = -b*d + 2*d + 1, 16 = 2*f - 4*d. What is the tens digit of f?
1
Let f be 2/((4 - 2) + -3). What is the tens digit of ((-4)/10)/(f/70)?
1
Suppose -8*x = -3*x - 2*q + 334, 0 = -x - 5*q - 83. Let z = -41 - x. What is the tens digit of z?
2
Let b(f) = f**3 - 14*f**2 + 18*f - 18. What is the tens digit of b(13)?
4
Suppose -p + 38 + 43 = 0. Suppose 0*i = 3*i - p. What is the units digit of i?
7
What is the units digit of 1 + (-20)/5 + 55?
2
Suppose -2*p + 273 = 3*h + 3*p, -2*h = 5*p - 187. What is the tens digit of h?
8
Let v(p) = -3*p - p + 11 + 5*p. Suppose 0*k = 5*k + 25. What is the units digit of v(k)?
6
Let t be 5*(-2 + 3/1). Suppose -3*b - 28 = -t*b. What is the tens digit of b?
1
Let i be 0 + 1*(-11)/1. Let k = 4 - i. Suppose -k = -3*b + 9. What is the units digit of b?
8
Suppose -5*p + 17 = -b, 2*b + 3*p - 14 = p. Let t be 9/b*(-6)/(-9). What is the units digit of 4*t*(-9)/(-12)?
6
Let i(v) = -3*v - 1. Let l be i(-1). Suppose 5*n = l*n - 3. What is the units digit of (-1)/((n/2)/1)?
2
Let g = -173 - -254. What is the tens digit of g?
8
Suppose 3*u + 0*w + 104 = -w, -4*u - 144 = -4*w. Let k = u - -77. What is the tens digit of k?
4
Let x be (-120)/(-9)*(-12)/5. Let v = 45 + x. What is the tens digit of v?
1
Suppose f + 2*f = n + 2, -4*f + 20 = 3*n. Suppose -64 = -n*w + v - 0*v, -v - 16 = -w. What is the tens digit of w?
1
Suppose 8*v - 7*v = -1. What is the tens digit of (109 + v)/3 + 1?
3
Let d be ((-4)/(-6))/(4/(-42)). Let m(s) = s**2 + 8*s + 10. What is the units digit of m(d)?
3
Suppose 106 = 4*l - 102. Let x = l - 75. Let w = x - -39. What is the units digit of w?
6
Let b(a) = 8*a**2 + a + 1. What is the tens digit of b(-4)?
2
Suppose -32 = -5*r + 2*i, -5*i + 10 + 2 = -r. Suppose r = b - 1. What is the units digit of b?
9
Let b = -87 + 33. Let y = -9 - b. What is the tens digit of y?
4
Suppose 0*o - 1 = 2*o - 3*n, 4*n - 12 = 0. Suppose -5*x - 31 = 2*m - 8, -o*x - m - 16 = 0. Let f(r) = -r. What is the units digit of f(x)?
3
Suppose 5*k - 5*z = 0, -k + 0*z = 3*z - 16. What is the units digit of 6/k + (-3)/6?
1
Let v(i) = -4*i - 4. Let w be -1 - (-2 - 0) - 4. What is the units digit of v(w)?
8
Suppose 3*x + 22 + 8 = 0. Let s(t) = t**2 + 11*t + 13. Let y be s(x). Suppose -y*n + 2 = -31. What is the units digit of n?
1
Let z(h) = 4*h**2 + 3*h - 1. Let a be z(2). Let q = a - 8. What is the units digit of q?
3
Let z = 9 - 14. Let p = z - -6. Let w = p + 0. What is the units digit of w?
1
Suppose 0 = 2*d + 2*p + 56, -p - 31 = d + p. Let a = -18 - d. What is the units digit of a?
7
Suppose 0 = -5*q + 18 - 3. Suppose 4*k - 16 = 3*k. Suppose -4*l + q*l = -k. What is the units digit of l?
6
Let x(g) = -3*g + 4. Let w be x(3). Let m(s) = -s**3 - 4*s**2 - 3*s - 2. What is the units digit of m(w)?
8
Suppose s = 2*j + 263, -s - 4*s + 1308 = -3*j. What is the tens digit of s?
6
Let q(r) be the first derivative of r**2/2 - 12*r + 1. Let k be q(9). Let c = k + 4. What is the units digit of c?
1
Let a = 2 - 5. Let m = a + 4. What is the units digit of m/3*3*8?
8
Let q = -1 - -1. Suppose 0*n = 5*n. Suppose -4*r + n*r + 28 = q. What is the units digit of r?
7
Suppose 0 = -3*k - 29 + 8. Let b(c) be the first derivative of c**4/4 + 8*c**3/3 + 5*c**2/2 - 6*c + 1. What is the units digit of b(k)?
8
Suppose 8*h - 354 - 110 = 0. What is the tens digit of h?
5
Let d(x) = 28*x**3 - x**2. Let c be d(1). Let m = 41 - c. What is the tens digit of m?
1
Suppose 3 = 2*f - 1. Let i = f - -8. What is the tens digit of i?
1
Let q(w) = 2*w + 43. What is the tens digit of q(-11)?
2
Let d = -18 + 10. Let m(u) = -3*u - 3. Let b be m(d). Suppose 4 = y + k, -4*y - 3*k = -0*y - b. What is the units digit of y?
9
What is the tens digit of (4 - -1 - -2)*4?
2
Let z(p) = p**3 + p**2 + p. Let k(c) = -10*c**3 - 3*c**2 - 3*c. Let a(u) = k(u) + 4*z(u). Let s be a(-1). What is the units digit of 2/s - (-15)/9?
2
Suppose -4*x = -4*p + 288, 0 = -3*p + p - 5*x + 116. What is the units digit of p?
8
Let c(t) = -t**3 + 5*t**2 + 6*t + 2. What is the units digit of c(6)?
2
Suppose -2*g - 2 = -10. Let p = g - 2. Suppose p*a - 39 = -a. What is the tens digit of a?
1
Let y = 6 + -6. Let z(g) = -g**2 - g + 5. What is the units digit of z(y)?
5
Let k(s) be the second derivative of s**6/360 + s**5/40 + s**4/4 + 2*s. Let j(h) be the third derivative of k(h). What is the units digit of j(4)?
1
Suppose -m - 4*m + 30 = 0. Suppose 0 = m*t - 7*t + 10. Suppose 2*d = 14 + t. What is the units digit of d?
2
Let t be (-6)/14 - (-72)/21. What is the units digit of (-4)/(t/36*-2)?
4
Let q(c) = -2*c - c - c - c + 12. What is the units digit of q(-7)?
7
Let f be (15/9 + -2)*-48. Suppose -13 = -p + f. What is the units digit of p?
9
Suppose 2*g - 5*o = 128, 4*o - 2*o - 192 = -3*g. Suppose -5*s + 27 + 21 = 2*d, -2*d + g = -3*s. What is the tens digit of d?
2
Suppose 1 = u + 4. Let l be (u/(-9))/((-3)/261). Let j = l - -45. What is the units digit of j?
6
Let u(q) = -1. Let r(i) = i**3 + i - 4. Let d(o) = r(o) - 4*u(o). What is the units digit of d(1)?
2
What is the units digit of (((-3)/(-2))/3)/(1/58)?
9
Suppose 5*d = -3*x + 43, -4*d + 29 = -5*x - 35. Let y(f) = -4*f + 16. Let g(j) = 3*j - 17. Let v(a) = -3*g(a) - 2*y(a). What is the units digit of v(d)?
8
Suppose 0 = -p - p. Let d(u) = u + 6 + 1 - 2*u. What is the units digit of d(p)?
7
Let f = -10 - 6. Let h = 41 + f. What is the tens digit of h?
2
Let p(s) = s**3 + 15*s**2 - 18*s - 12. What is the tens digit of p(-16)?
2
Suppose 0 = 10*f - 5*f - 510. What is the units digit of f?
2
Let s = 41 - 23. Let u = -9 + s. Suppose -2*c = -l - 18, c - 2*l = -5*l + u. What is the units digit of c?
9
Let a(m) = 7*m + 19. Let t(h) be the third derivative of -5*h**4/6 - 28*h**3/3 - 3*h**2. Let l(x) = -17*a(x) - 6*t(x). What is the units digit of l(-9)?
4
What is the units digit of 8*3 + (-13 - -15)?
6
Let z = -20 + 21. What is the units digit of z?
1
Let n = 21 + -17. Suppose -4*y + 8*y + 4*r = 112, 0 = -n*y - 3*r + 111. What is the units digit of y?
7
Let q(r) = 35*r + 9. What is the hundreds digit of q(4)?
1
Suppose 58 = -f - 2*f - 2*n, 4*n - 60 = 2*f. Let x = 22 - f. What is the units digit of x?
4
Suppose 3*d + 5*l = 104, 62 = 2*d + 5*l - 14. What is the units digit of d?
8
Let i(v) = 11*v - 8. What is the tens digit of i(4)?
3
Suppose -4*z + 2*l + 774 = -0*z, 0 = 5*z - 3*l - 969. What is the tens digit of z?
9
Let n(v) = -v**3 - 6 - 1 - 8*v**2 - 7*v + 3. Let m be n(-7). Let o = m - -7. What is the units digit of o?
3
Let u = -6 - -81. Suppose i = -4*i + u. What is the tens digit of i?
1
What is the units digit of (-180)/(-4) - -3 - -1?
9
Let u(s) = 2*s + 3. Let n be u(6). Suppose 0 = k + 5*j + n, -2*k + 6*j + 45 = j. What is the tens digit of k?
1
Suppose -2*a - 38 = -0*p - 4*p, -p + 17 = 2*a. Suppose p = 4*d - 9. Let j = 12 - d. What is the units digit of j?
7
Let m(c) be the third derivative of -c**4/8 - c**3/6 - c**2. What is the units digit of m(-2)?
5
Let y be (-3 - -2)*2*2. Let t(f) = 4 + 1 + 3*f - 2 + f**2. What is the units digit of t(y)?
7
Suppose -6*y - 30 = -9*y. What is the units digit of y?
0
Let y(f) = -f**3 - 9*f**2 + 5. Let o be y(-5). What is the tens digit of o/(-4) - (-9)/(-12)?
2
Let a(w) = w**3 + 6*w**2 + w - 6. Let u(p) = -3*p + 1. Let n be u(2). What is the tens digit of a(n)?
1
Let j(w) = w - 2. Let h be j(11). Suppose 3*n = -0*n + h. Suppose 14 = -2*v + n*v. What is the tens digit of v?
1
Let w(m) = m**2 + 4*m + 2. Let i be w(-3). What is the units digit of (2/6)/(i/(-24))?
8
Suppose 0 = -0*v + v. Suppose v = 3*k - k, -2*d + 2 = 2*k. What is the units digit of d?
1
Let q be (-1)/4 + 162/8. Suppose -5*o = q, 8 = -3*z + 5*o + 67. Suppose -2*c + 35 = -5*p, c = -0*c + p + z. What is the units digit of c?
0
Let u(w) = w - 8. Let j be u(6). What is the units digit of 16/20 - j/10?
1
Let c(i) = -i**2 + 6*i - 4. Let h be c(4). Suppose 0*s + 72 = h*s. W